4
Evaluate -2 + (-16 - -12 - (-5 + 1)).
-2
What is 8 - (-4 + (-1 - -1 - -8))?
4
Calculate -7 - -2 - (-9 - -6).
-2
Evaluate 1 + -2 + 0 + 2.
1
6 + 8 + -8 + (-1 - 0)
5
1 + 3 + -7 + 7
4
Calculate 15 - 14 - (3 - -2 - 2).
-2
What is the value of 2 + (0 - (1 - 2))?
3
(-2 - (-9 - 2)) + (-6 - -2)
5
Calculate (-4 - (-3 - 1)) + (-1 - -3).
2
5 - ((3 + 2 - 2) + 0)
2
4 - (4 - 4 - -1)
3
(-11 - (-19 + 7)) + -6
-5
What is the value of -2 + 11 - (-12 - -19) - 0?
2
Evaluate (-38 - -39) + 0 + -2.
-1
What is -2 + -2 + (6 - (17 - 6))?
-9
Evaluate 11 + -1 + (64 - 69).
5
Calculate -1 - ((8 - (-3 - -5)) + -7).
0
What is the value of -48 + 43 - (-1 - 1)?
-3
What is -4 - (2 - -1) - -14?
7
Evaluate 8 - 0 - 10 - 5.
-7
Evaluate 3 + -2 + 1 - -1 - 4.
-1
Evaluate (-2 + 0 - -2) + (-10 - -8).
-2
What is the value of -8 - (-1 + 2 + (3 - 7))?
-5
What is (11 + -2 - 2) + -2 + 2?
7
2 + (4 - 7) + 4
3
What is the value of -2 - -4 - (1 - 1) - -3?
5
What is the value of -2 + -3 - -8 - (1 - 0)?
2
What is the value of 9 + -13 + (-4 - -6)?
-2
What is -4 + 1 - ((3 - 18) + 8)?
4
-1 - ((-1 - -2) + -5)
3
Evaluate 2 - (-6 + 0 + (7 - 1)).
2
Evaluate 0 + 8 - (16 - 12).
4
What is the value of 9 + (-11 - (5 + -10))?
3
What is -4 + -6 + 14 - (3 + -1)?
2
What is 0 + (2 - 8) - (90 - 101)?
5
What is (-9 - (0 - 9)) + -3 + -1?
-4
Calculate 6 + -2 - (-1 + 7).
-2
Calculate -18 + 10 - (-2 - 0 - 0).
-6
-4 + (-11 - -7) - (1 + -3)
-6
What is the value of -22 + 24 + -3 + 1?
0
(0 - -12) + (-8 - (-1 + -4))
9
(-9 - 3) + 3 + (3 - -1)
-5
What is the value of -5 + 3 + (11 - 1)?
8
What is 2 + -3 + 5 - 9?
-5
What is the value of 0 + -6 + 4 + -4 + 1?
-5
Evaluate -1 - 4 - ((11 - 18) + 8).
-6
(10 - 8) + 0 + 1 + 1
4
What is the value of -3 + 0 - (4 + -2 - 1)?
-4
What is -4 - (-2 - (4 + -6))?
-4
What is -8 - (4 + (6 - 11))?
-7
What is -3 + (4 - (1 + 4)) + 9?
5
What is -5 - (0 + -3 + -4 + 3)?
-1
(0 + (9 - 5) - -1) + -5
0
Evaluate 12 + (-4 - (20 + -8)).
-4
((3 - 8) + 23 - 6) + -4
8
Evaluate -2 + 6 - (6 + -1).
-1
Calculate (-3 - (-6 + 8)) + 7 - 10.
-8
Calculate -4 + -1 + 1 + 0.
-4
Evaluate 1 - (-2 + -1 + -1 + 1).
4
Evaluate -1 - (11 + -1) - (-78 + 73).
-6
What is 24 - 19 - (5 - 0)?
0
Evaluate (-12 - 15) + 25 - (0 + 6).
-8
What is the value of -8 + 0 + 4 - -6?
2
What is the value of -4 + 7 + -1 + -9?
-7
Calculate 8 - (2 - (-9 + 6)).
3
Calculate -1 + (-8 - 3) - -13.
1
Evaluate -1 + -4 + (1 - -2).
-2
What is the value of 0 - 3 - (-12 + 7)?
2
Calculate (-5 - (-1 - 4)) + 3.
3
Calculate 1 + 4 + 3 + -2.
6
Calculate 5 + 2 + (19 - 22) + -8.
-4
What is the value of 5 + 1 - (13 + -3)?
-4
0 + (-8 - 0) + 6 - -3
1
(-7 - -1) + 1 + 0 + 1
-4
-7 + 1 + 4 + -7 + 5
-4
-18 + 18 - (5 + 1)
-6
What is the value of -3 + 2 + 14 + (-8 - -4)?
9
-1 - -6 - (-3 - -3)
5
What is 0 + -1 - (-2 - 0 - -4)?
-3
-8 - (5 + 2 + -11)
-4
(-4 - 0) + -3 + 14 + -7
0
Evaluate -1 + -2 + -1 + (-3 - -4).
-3
Evaluate -6 + -7 + -2 + 10 + -1.
-6
What is the value of -68 + 65 + (1 + 1 - 0)?
-1
Calculate (-3 - -4) + -5 - 1.
-5
Calculate 3 + 1 + (-6 - 5) + 3.
-4
-1 - (5 - 4) - -3
1
What is the value of -44 + 42 - (1 - (2 + -1))?
-2
0 + (1 - 1) - 5
-5
What is the value of (-8 - (-2 + -2)) + -2?
-6
What is 2 + -4 + 1 + 1?
0
Calculate (9 - (3 - (1 - 2))) + 1.
6
Calculate -2 - (-1 + 4 + -7 + 2).
0
-2 + 1 + (-9 - (1 - 3))
-8
What is (-6 - 2 - -1) + 3?
-4
What is -1 + -1 + -9 + 7?
-4
What is -18 + 1 + -5 + 15?
-7
What is the value of 30 + -21 + -2 + -8?
-1
What is the value of (2 - -8) + 16 + -17?
9
Calculate (1 - 2) + 4 + (9 - 9).
3
Evaluate 0 - -4 - 0 - -4 - 4.
4
What is the value of 1 + 1 + (-3 + 2 - 2)?
-1
What is -3 + (7 + -4 - 3)?
-3
(-2 - -2 - -2) + (-1 - 3)
-2
-9 + 14 - (0 + 2 + -1)
4
What is (-1 - 4) + (0 - -7 - 6)?
-4
-8 - (0 + -6 + 3)
-5
What is the value of -9 - (2 - (-3 - 1) - 12)?
-3
Calculate -7 - (29 + -27 - (6 + -1)).
-4
Calculate 2 + -1 - (12 + -7 - 9).
5
Evaluate -89 + 92 + 1 + -6.
-2
Calculate 3 - (2 - (-4 + 8)).
5
What is the value of -6 - -10 - (2 - 1)?
3
What is -7 - -14 - 7 - (2 + -1)?
-1
Evaluate -12 - -12 - (1 + 1).
-2
Calculate 2 + -3 - (0 + -1).
0
-3 + -2 - (3 + (-5 - -2))
-5
(1 - -1 - 5 - -4) + 4
5
Calculate -6 - ((-9 - -8) + -4).
-1
What is the value of -6 - (-6 - -3) - -3?
0
Evaluate (-1 - -4) + -8 - -1.
-4
What is 2 + 2 + -1 + (3 - 3)?
3
What is the value of 7 - (10 + 7 + -10)?
0
Calculate 1 - -4 - (3 - -1 - 3).
4
-3 + (9 - (-1 - 1))
8
What is (0 + 1 + -2 - 3) + 3?
-1
Calculate 1 - (-11 - -6 - -4).
2
(1 - -1) + 12 + -20
-6
What is 1 + 2 - 3 - 3?
-3
What is -5 + (7 - -4) + 0 + 1?
7
Evaluate 4 + 0 + 0 - 3.
1
What is the value of 4 + (3 - ((12 - 1) + -2))?
-2
Evaluate -4 + 4 + -4 - -7.
3
-3 + 8 + -8 + 2 + 4
3
Calculate -1 + 1 + (-9 + 24 - 11).
4
Evaluate (-4 - (-7 + 4)) + 0.
-1
What is the value of (3 - -3 - 3 - 11) + -2?
-10
Calculate -3 - (-1 + 1) - (101 + -102).
-2
Evaluate -6 - (-3 - (0 + 5 + -7)).
-5
Evaluate -13 + 2 + 18 + -11.
-4
Evaluate (12 - 16) + (-1 - -10) + -1.
4
4 + 12 + -17 + (0 - -4)
3
What is the value of 100 - 89 - ((2 - -4) + -2)?
7
Calculate -34 + 37 + 2 + -11.
-6
What is the value of (-3 - 0 - 2) + 9?
4
-5 + 2 - (-3 - -4 - 2)
-2
What is the value of -5 - ((-2 - 2) + 6 + -5)?
-2
Evaluate 2 + -3 + 0 + (5 - 0).
4
Evaluate -1 + -11 + 7 + 2 + 1.
-2
What is -2 + 0 + 3 + -3?
-2
Evaluate 0 + 6 - (-3 + (2 - -3)).
4
Evaluate -1 + (0 - (3 - 7)).
3
1 + (2 - 2) + 3 + -7
-3
What is -9 - -7 - (1 + -3)?
0
What is -3 + (7 - (3 + -2))?
3
What is the value of -2 + (6 + 3 + -3 - -2)?
6
Calculate -5 - -6 - (-3 + 2).
2
Evaluate -1 - -1 - (0 + (1 - 1)).
0
What is -25 + 28 + 0 + 0 + 0?
3
Calculate 1 - 1 - (45 - 48).
3
Evaluate -3 - -1 - (19 - 21 - -1).
-1
Evaluate (-4 + 11 - 4) + -9.
-6
Evaluate 8 + (0 - -1) + -4.
5
What is the value of -4 - ((-7 - -5) + 2 + 1)?
-5
Evaluate 3 + (-1 - 0 - -2 - 0).
4
What is 0 - (2 - (-3 + 6 + -1))?
0
What is -2 + (4 - 10 - (-1 + 2))?
-9
Calculate -75 + 79 + 1 + -9.
-4
4 + (0 - 6) - 3
-5
What is the value of (0 + 4 - 0) + -1?
3
What is (6 - -2) + 7 + -20?
-5
What is the value of 2 + -7 + 4 - -1?
0
Calculate 6 - (-5 + 1) - 5.
5
What is the value of (5 - 2) + (-6 - -7)?
4
What is the value of -9 + -4 + (-1 - -9)?
-5
What is the value of -4 + 2 + 2 + -4 - -7?
3
What is -2 + 2 - (1 + -10 - -5)?
4
What is 31 - 39 - (-6 - 2)?
0
2 - ((-7 - -3) + 8) - -1
-1
What is -1 + 1 + (-6 - (4 + -5))?
-5
Evaluate (0 - -1) + (1 - (-10 - -7)).
5
-11 + (-2 + -1 - -16)
2
Evaluate -3 - (2 + 2 + -2 - 1).
-4
What is -1 - (-89 - -82 - (1 + -3))?
4
Calculate 4 + -1 + 5 + -3.
5
What is the value of (-4 - 0) + (-8 - -7)?
-5
Evaluate 5 - (3 - 6 - -13).
-5
-8 + 0 + -1 + 13
4
Evaluate (1 - 1) + (1 - (-8 - -6)).
3
Evaluate 1 + (2 + -2 - (3 - 2)).
0
Calculate (1 + -3 - -6) + -5.
-1
(8 + -2 - 1) + -2
3
What is the value of 2 - (-6 - -8 - 1 - -1)?
0
Evaluate 7 + -8 + 4 - 2.
1
Calculate -36 + 26 - (2 + -7).
-5
What is the value of -7 + (-2 - (9 + -11))?
-7
(9 - -1) + (29 - 30)
9
What is (-10 - -5) + (1 - -1)?
-3
Evaluate (8 - 2 - (9 + -6)) + 3.
6
What is the value of 9 - (-4 - (5 - 15))?
3
Evaluate -2 - (12 + (-2 - 18)).
6
Calculate -10 - (11 - 14) - -10.
3
What is -8 - -3 - (3 + -11)?
3
What is the value of 9 + (-3 - 9 - -6)?
3
Calculate (-22 + 8 - 0) + 11.
-3
Calculate 12 + 6 + -14 + 2.
6
What is (-1 - -12) + (327 - 341)?
-3
Evaluate 2 + 1 + -4 + 16 + -7.
8
6 + (13 - 17) + (-1 - -1)
2
0 - (-19 - -8) - 21
-10
Evaluate (-2 - (2 - 3) - 1) + 5.
3
What is the value of -3 + 2 - (-2 + 0)?
1
(0 - 0) + (-37 - -33)
-4
What is the value of 9 + -3 - (11 - 1)?
-4
What is 3 - (2 + -5 + 12)?
-6
(7 - (3 + -6)) + -7
3
Calculate 6 + 1 + -9 + -7 + 10.
1
Evaluate 5 + (-2 - 0) + (9 - 15).
-3
What is -1 + -2 + 0 + -2 + 8?
3
(-28 - (10 - 33)) + -1 + -4
-10
What is 9 - (-11 + 12) - (4 - 0)?
4
What is 2 - 5 - (-2 + -1 + 1)?
-1
(4 - 0 - 3) + (-1 - -4)
4
3 + -4 + (6 - 0) + -2
3
Calculate -6 + (6 - 0 - -2).
2
Evaluate (4 - 2 - -3) + 0.
5
Calculate -3 + 2 - (5 + -8 - -9).
-7
What is the value of -2 + -1 + -4 - (-5 - -3)?
-5
What is the value of 3 + -8 + 1 - (0 + 1)?
-5
-3 + -2 + 9 + -1
3
Calculate -3 + -6 + (-1 - -1 - -6).
-3
Evaluate -10 - (-9 - (-5 + 1)).
-5
-11 + (4 - -4 - 3)
-6
Calculate (-7 - -3) + 8 + -9.
-5
What is -22 + 17 - (-7 - 1)?
3
What is (2 - 0) + 0 - -2?
4
Evaluate 12 + (-14 - (-3 + -9)).
10
Evaluate 3 - 0 - ((-6 - -7) + -1).
3
Evaluate 3 + (-7 - (0 - 0) - -1).
-3
Calculate 1